{"id":431,"date":"2010-08-05T16:36:22","date_gmt":"2010-08-05T16:36:22","guid":{"rendered":"https:\/\/yks.brb.re\/?page_id=431"},"modified":"2010-08-05T16:36:22","modified_gmt":"2010-08-05T16:36:22","slug":"warau-hyouteki","status":"publish","type":"page","link":"https:\/\/yamayurikai-subs.eu\/?page_id=431","title":{"rendered":"Warau Hyouteki"},"content":{"rendered":"\n<table id=\"wp-table-reloaded-id-56-no-1\" class=\"wp-table-reloaded wp-table-reloaded-id-56\">\n<thead>\n\t<tr class=\"row-1 odd\">\n\t\t<th class=\"column-1\"><center><a href=\"http:\/\/yamayurikai-subs.eu\/wp-content\/uploads\/2010\/08\/target-Projektbeschreibung.png\"><img loading=\"lazy\" decoding=\"async\" src=\"http:\/\/yamayurikai-subs.eu\/wp-content\/uploads\/2010\/08\/target-Projektbeschreibung-201x300.png\" alt=\"\" title=\"target-Projektbeschreibung\" width=\"201\" height=\"300\" class=\"aligncenter size-medium wp-image-424\" srcset=\"https:\/\/yamayurikai-subs.eu\/wp-content\/uploads\/2010\/08\/target-Projektbeschreibung-201x300.png 201w, https:\/\/yamayurikai-subs.eu\/wp-content\/uploads\/2010\/08\/target-Projektbeschreibung.png 252w\" sizes=\"auto, (max-width: 201px) 100vw, 201px\" \/><\/a><\/th><th class=\"column-2\"><b>Originaltitel:<\/b> \u7b11\u3046\u6a19\u7684<br \/>\r\n<b>Episoden:<\/b> 1<br \/>\r\n<b>Erscheinungsjahr:<\/b> 1987<br \/>\r\n<b>Genre\t:<\/b>Demons, Drama, Horror, Mystery<br \/><br \/>\r\n<u><b>Team:<\/u><\/b><br \/>\r\n<b>\u00dcbersetzung:<\/b> Ophelia<br \/>\r\n<b>Zeitsetzung:<\/b> Kasseopaya<br \/>\r\n<b>Schriftgestaltung:<\/b> Kasseopaya<br \/>\r\n<b>Fehlerkorrektur:<\/b> Kasseopaya<br \/>\r\n<b>QC:<\/b> Methusalix, Akropolis, Chikane<br \/>\r\n<b>Karaoke-FX:<\/b> Kasseopaya<br \/>\r\n<b>Karaoke-Zeiten:<\/b> Kasseopaya<br \/>\r\n<b>Medienerstellung:<\/b> hendi<br><br \/>\r\n<u><b>Releaseinfos<\/u><\/b><br \/>\r\nVideo: avi<br \/>\r\nContainer: XviD<br \/>\r\nAufl\u00f6sung: 640x480<br \/>\r\nAudio: mp3<\/th>\n\t<\/tr>\n<\/thead>\n<tbody>\n\t<tr class=\"row-2 even\">\n\t\t<td colspan=\"2\" class=\"column-1 colspan-2\">Schon als Kinder wurden Azusa und Yuzuru von ihren Eltern miteinander verlobt. Viele Jahre vergehen - als pl\u00f6tzlich die Mutter von Azusa auf mysteri\u00f6se Weise ums Leben kommt, kehrt Azusa mit der Absicht zu heiraten zu Yuzuru zur\u00fcck. Da Azusa alles andere als \"normal\" ist, st\u00f6rt sie die Tatsache, dass Yuzuru bereits eine Freundin hat auch nicht weiter und sie versucht mit allen Mitteln die Konkurrenz aus dem Weg zu r\u00e4umen. <br \/>\r\nQuelle: aniSearch<\/td>\n\t<\/tr>\n<\/tbody>\n<\/table>\n\n<span style=\"font-size: large;\"><font color=\"purple\">Screenshots:<\/font><\/span><br \/>\nngg_shortcode_0_placeholder\n<span style=\"font-size: large;\"><font color=\"purple\">Releaseinfos:<\/font><\/span><br \/>\n\n<table id=\"wp-table-reloaded-id-57-no-1\" class=\"wp-table-reloaded wp-table-reloaded-id-57\">\n<thead>\n\t<tr class=\"row-1 odd\">\n\t\t<th class=\"column-1\"><font  \tcolor=\"purple\">#<\/font><\/th><th class=\"column-2\"><font  \tcolor=\"purple\">Episodentitel<\/font><\/th><th class=\"column-3\"><font  \tcolor=\"purple\">Release<\/font><\/th><th class=\"column-4\"><font  \tcolor=\"purple\">Torrent<\/font><\/th>\n\t<\/tr>\n<\/thead>\n<tbody>\n\t<tr class=\"row-2 even\">\n\t\t<td class=\"column-1\">01<\/td><td class=\"column-2\">Warau Hyouteki<\/td><td class=\"column-3\">01.02.2009<\/td><td class=\"column-4\"><a href=\"http:\/\/ani-tsuzuki.net:6969\/torrents\/1430c0c75b4e8eb4967f65233f208b0b1e247f46.torrent\"><img loading=\"lazy\" decoding=\"async\" src=\"http:\/\/kamina.ath.cx\/yks\/wp-content\/uploads\/2010\/08\/torrent50x15.png\" alt=\"\" title=\"torrent50x15\" width=\"50\" height=\"15\" class=\"aligncenter size-full wp-image-403\" \/><\/a><\/td>\n\t<\/tr>\n<\/tbody>\n<\/table>\n\n","protected":false},"excerpt":{"rendered":"<p>Screenshots: Releaseinfos:<\/p>\n","protected":false},"author":11,"featured_media":0,"parent":0,"menu_order":0,"comment_status":"open","ping_status":"open","template":"","meta":{"colormag_page_container_layout":"default_layout","colormag_page_sidebar_layout":"default_layout","ngg_post_thumbnail":0,"footnotes":""},"class_list":["post-431","page","type-page","status-publish","hentry"],"_links":{"self":[{"href":"https:\/\/yamayurikai-subs.eu\/index.php?rest_route=\/wp\/v2\/pages\/431","targetHints":{"allow":["GET"]}}],"collection":[{"href":"https:\/\/yamayurikai-subs.eu\/index.php?rest_route=\/wp\/v2\/pages"}],"about":[{"href":"https:\/\/yamayurikai-subs.eu\/index.php?rest_route=\/wp\/v2\/types\/page"}],"author":[{"embeddable":true,"href":"https:\/\/yamayurikai-subs.eu\/index.php?rest_route=\/wp\/v2\/users\/11"}],"replies":[{"embeddable":true,"href":"https:\/\/yamayurikai-subs.eu\/index.php?rest_route=%2Fwp%2Fv2%2Fcomments&post=431"}],"version-history":[{"count":1,"href":"https:\/\/yamayurikai-subs.eu\/index.php?rest_route=\/wp\/v2\/pages\/431\/revisions"}],"predecessor-version":[{"id":432,"href":"https:\/\/yamayurikai-subs.eu\/index.php?rest_route=\/wp\/v2\/pages\/431\/revisions\/432"}],"wp:attachment":[{"href":"https:\/\/yamayurikai-subs.eu\/index.php?rest_route=%2Fwp%2Fv2%2Fmedia&parent=431"}],"curies":[{"name":"wp","href":"https:\/\/api.w.org\/{rel}","templated":true}]}}