{"id":3788,"date":"2014-10-28T00:26:58","date_gmt":"2014-10-27T22:26:58","guid":{"rendered":"https:\/\/yks.brb.re\/?page_id=3788"},"modified":"2014-10-28T00:26:58","modified_gmt":"2014-10-27T22:26:58","slug":"noragami-oad-2","status":"publish","type":"page","link":"https:\/\/yamayurikai-subs.eu\/?page_id=3788","title":{"rendered":"Noragami OAD"},"content":{"rendered":"\n<table id=\"wp-table-reloaded-id-188-no-1\" class=\"wp-table-reloaded wp-table-reloaded-id-188\">\n<thead>\n\t<tr class=\"row-1 odd\">\n\t\t<th class=\"column-1\"><center><a href=\"http:\/\/yamayurikai-subs.eu\/?attachment_id=3462\" rel=\"attachment wp-att-3462\"><img loading=\"lazy\" decoding=\"async\" src=\"http:\/\/yamayurikai-subs.eu\/wp-content\/uploads\/2014\/02\/noragami-Projekt.png\" alt=\"\" width=\"252\" height=\"375\" class=\"aligncenter size-full wp-image-3462\" \/><\/a><\/th><th class=\"column-2\"><b>Originaltitel:<\/b>\u30ce\u30e9\u30ac\u30df<br \/>\r\n<b>Episoden:<\/b> 2<br \/>\r\n<b>Erscheinungsjahr:<\/b> 2014<br \/>\r\n<b>Genre:<\/b> Action, Kom\u00f6die, Fantasy, \u00dcbernat\u00fcrlich<br \/><br \/>\r\n<u><b>Team:<\/u><\/b><br \/>\r\n<b>\u00dcbersetzung:<\/b> KamiKarin<br \/>\r\n<b>Zeitsetzung:<\/b> Kasseopaya<br \/>\r\n<b>Schriftgestaltung:<\/b> KamiKarin<br \/>\r\n<b>Logo:<\/b> KamiKarin<br \/>\r\n<b>Fehlerkorrektur:<\/b> Flarestar<br \/>\r\n<b>QC:<\/b> mia, Hinata-sama, JunkuX, Askat, Ayumu<br \/>\r\n<b>Medienerstellung:<\/b> Kasseopaya <br><br \/>\r\n<u><b>Releaseinfos<\/u><\/b><br \/>\r\nVideo: mkv<br \/>\r\nContainer: x264, Hi10P<br \/>\r\nAufl\u00f6sung: 848x480<br \/>\r\nAudio: AAC<\/th>\n\t<\/tr>\n<\/thead>\n<tbody>\n\t<tr class=\"row-2 even\">\n\t\t<td colspan=\"2\" class=\"column-1 colspan-2\">Nicht jeder Gott hat es leicht, vor allem nicht, wenn ihm ein eigener Schrein fehlt. Ohne feste Bleibe ist Yato trotz seines g\u00f6ttlichen Status dazu gezwungen seine Dienste als eine Art Rent-a-God anzubieten. Kunden macht er durch Werbekritzeleien bwz. -graffiti in \u00f6ffentlichen Toiletten und an H\u00e4userw\u00e4nden auf sich aufmerksam und w\u00e4re das nicht schon deprimierend genug, k\u00fcndigt ihm auch noch seine g\u00f6ttliche Waffe den Dienst. In dieser Situation rettet ihn die Sch\u00fclerin Hiyori vor einem herannahenden Auto, wird dabei aber selbst von ihm angefahren. Wieder genesen versucht sie Yato wieder zu finden, muss bei einem Zwischenfall aber feststellen, dass sich ihre Seele seit dem Unfall zwischen der Welt und dem Jenseits befindet, was ihr auch besondere Kr\u00e4fte verleiht. Sie beschlie\u00dft mit Yato zusammenzuarbeiten und ihm bei der Bek\u00e4mpfung der Bedrohung f\u00fcr die Menschen zu helfen.<br \/>\r\nQuelle: aniSearch<br \/>\r\n<b><font color=\"purple\">In Kooperation mit:<\/font><\/b><br \/>\r\n <a href=\"http:\/\/cookie-subs.org\/\"><img loading=\"lazy\" decoding=\"async\" src=\"http:\/\/yamayurikai-subs.eu\/wp-content\/uploads\/2012\/05\/cookie_link.png\" alt=\"\" title=\"cookie_link\" width=\"190\" height=\"60\" class=\"aligncenter size-full wp-image-1681\" \/><\/a><\/td>\n\t<\/tr>\n<\/tbody>\n<\/table>\n\nScreenshots:<br \/>\nngg_shortcode_0_placeholder\nReleaseinfos:<br \/>\n\n<table id=\"wp-table-reloaded-id-189-no-1\" class=\"wp-table-reloaded wp-table-reloaded-id-189\">\n<thead>\n\t<tr class=\"row-1 odd\">\n\t\t<th class=\"column-1\"><font  \tcolor=\"purple\">#<\/font><\/th><th class=\"column-2\"><font  \tcolor=\"purple\">Episodentitel<\/font><\/th><th class=\"column-3\"><font  \tcolor=\"purple\">Release<\/font><\/th><th class=\"column-4\"><font  \tcolor=\"purple\">Torrent<\/font><\/th>\n\t<\/tr>\n<\/thead>\n<tbody>\n\t<tr class=\"row-2 even\">\n\t\t<td class=\"column-1\">01<\/td><td class=\"column-2\">Von einem Gott besessen, von einem Gott verflucht<\/td><td class=\"column-3\">23.02.2014<\/td><td class=\"column-4\">Batchtorrent:<\/td>\n\t<\/tr>\n\t<tr class=\"row-3 odd\">\n\t\t<td class=\"column-1\">02<\/td><td class=\"column-2\">Das Versprechen an einem Fr\u00fchlingstag<\/td><td class=\"column-3\">06.12.2014<\/td><td class=\"column-4\"><center><a href=\"http:\/\/ani-tsuzuki.net:6969\/torrents\/95b16590fb4d9eef0455bc64b2235cec951e996d.torrent\"><img loading=\"lazy\" decoding=\"async\" src=\"http:\/\/yamayurikai-subs.eu\/wp-content\/uploads\/2010\/07\/torrent.png\" alt=\"\" title=\"torrent\" width=\"50\" height=\"15\" class=\"aligncenter size-full wp-image-365\" \/><\/a><\/td>\n\t<\/tr>\n<\/tbody>\n<\/table>\n\n","protected":false},"excerpt":{"rendered":"<p>Screenshots: Releaseinfos:<\/p>\n","protected":false},"author":11,"featured_media":0,"parent":0,"menu_order":0,"comment_status":"open","ping_status":"open","template":"","meta":{"colormag_page_container_layout":"default_layout","colormag_page_sidebar_layout":"default_layout","ngg_post_thumbnail":0,"footnotes":""},"class_list":["post-3788","page","type-page","status-publish","hentry"],"_links":{"self":[{"href":"https:\/\/yamayurikai-subs.eu\/index.php?rest_route=\/wp\/v2\/pages\/3788","targetHints":{"allow":["GET"]}}],"collection":[{"href":"https:\/\/yamayurikai-subs.eu\/index.php?rest_route=\/wp\/v2\/pages"}],"about":[{"href":"https:\/\/yamayurikai-subs.eu\/index.php?rest_route=\/wp\/v2\/types\/page"}],"author":[{"embeddable":true,"href":"https:\/\/yamayurikai-subs.eu\/index.php?rest_route=\/wp\/v2\/users\/11"}],"replies":[{"embeddable":true,"href":"https:\/\/yamayurikai-subs.eu\/index.php?rest_route=%2Fwp%2Fv2%2Fcomments&post=3788"}],"version-history":[{"count":1,"href":"https:\/\/yamayurikai-subs.eu\/index.php?rest_route=\/wp\/v2\/pages\/3788\/revisions"}],"predecessor-version":[{"id":3789,"href":"https:\/\/yamayurikai-subs.eu\/index.php?rest_route=\/wp\/v2\/pages\/3788\/revisions\/3789"}],"wp:attachment":[{"href":"https:\/\/yamayurikai-subs.eu\/index.php?rest_route=%2Fwp%2Fv2%2Fmedia&parent=3788"}],"curies":[{"name":"wp","href":"https:\/\/api.w.org\/{rel}","templated":true}]}}