{"id":3463,"date":"2014-02-24T21:45:12","date_gmt":"2014-02-24T19:45:12","guid":{"rendered":"https:\/\/yks.brb.re\/?page_id=3463"},"modified":"2020-07-06T20:34:04","modified_gmt":"2020-07-06T19:34:04","slug":"noragami-oad","status":"publish","type":"page","link":"https:\/\/yamayurikai-subs.eu\/?page_id=3463","title":{"rendered":"Maison Ikkoku"},"content":{"rendered":"<span class=\"su-frame su-frame-align-left su-frame-style-default\"><span class=\"su-frame-inner\"><img loading=\"lazy\" decoding=\"async\" class=\" size-full wp-image-3758 alignleft\" src=\"https:\/\/yks.brb.re\/wp-content\/uploads\/2014\/10\/Maison_Projekt.png\" alt=\"Maison_Projekt\" width=\"252\" height=\"375\"><\/span><\/span>\n<h4>Maison Ikkoku<\/h4>\n<span class=\"su-label su-label-type-warning\">Romance<\/span><span class=\"su-label su-label-type-warning\">Comedy<\/span><span class=\"su-label su-label-type-warning\">Drama<\/span>\n<p><b>Originaltitel:<\/b> \u3081\u305e\u3093\u4e00\u523b<br \/>\n<b>Episoden:<\/b> 96<br \/>\n<b>Erscheinungsjahr:<\/b> 1986<\/p>\n<h5>Releaseinfos<\/h5>\n<p><strong>Video:<\/strong> mkv<br \/>\n<strong>Container:<\/strong> x264, Hi10P<br \/>\n<strong>Aufl\u00f6sung:<\/strong> 960&#215;720<br \/>\n<strong>Audio:<\/strong> AAC<\/p>\n<p><strong>In Kooperation mit <a href=\"http:\/\/cookie-subs.org\/\" target=\"_blank\" rel=\"noopener noreferrer\">Cookie-Subs<\/a>!<\/strong><\/p>\n<h5>Download<\/h5>\n<a href=\"https:\/\/nyaa.si\/download\/1260394.torrent\" class=\"su-button su-button-style-soft\" style=\"color:#FFFFFF;background-color:#59C16E;border-color:#489b58;border-radius:5px\" target=\"_blank\" rel=\"noopener noreferrer\"><span style=\"color:#FFFFFF;padding:6px 16px;font-size:13px;line-height:20px;border-color:#8bd49a;border-radius:5px;text-shadow:none\"><img decoding=\"async\" src=\"https:\/\/yks.brb.re\/wp-content\/uploads\/2015\/06\/download21.png\" alt=\"&lt;b&gt;Torrent&lt;\/b&gt;\" style=\"width:20px;height:20px\" \/> <b>Torrent<\/b><\/span><\/a> <a href=\"https:\/\/yks.brb.re\/ddl\/\" class=\"su-button su-button-style-soft\" style=\"color:#FFFFFF;background-color:#EE484D;border-color:#bf3a3e;border-radius:5px\" target=\"_blank\" rel=\"noopener noreferrer\"><span style=\"color:#FFFFFF;padding:6px 16px;font-size:13px;line-height:20px;border-color:#f47f83;border-radius:5px;text-shadow:none\"><img decoding=\"async\" src=\"https:\/\/yks.brb.re\/wp-content\/uploads\/2015\/06\/download11.png\" alt=\"&lt;b&gt;DDL&lt;\/b&gt;\" style=\"width:20px;height:20px\" \/> <b>DDL<\/b><\/span><\/a> <a href=\"https:\/\/yks.brb.re\/xdcc\/\" class=\"su-button su-button-style-soft\" style=\"color:#FFFFFF;background-color:#5B79C1;border-color:#49619b;border-radius:5px\" target=\"_blank\" rel=\"noopener noreferrer\"><span style=\"color:#FFFFFF;padding:6px 16px;font-size:13px;line-height:20px;border-color:#8da2d4;border-radius:5px;text-shadow:none\"><img decoding=\"async\" src=\"https:\/\/yks.brb.re\/wp-content\/uploads\/2015\/06\/download31.png\" alt=\"&lt;b&gt;XDCC&lt;\/b&gt;\" style=\"width:20px;height:20px\" \/> <b>XDCC<\/b><\/span><\/a>\n<div class=\"su-divider su-divider-style-dashed\" style=\"margin:15px 0;border-width:1px;border-color:#999999\"><\/div>\n<h5>Beschreibung<\/h5>\n<blockquote><p>Der neunzehnj\u00e4hrige Godai wohnt in einem altmodischen japanischen Appartement namens Ikkoku. Godai ist ein Versagertyp; unsicher, unreif und er hat die Aufnahmepr\u00fcfung zur Universit\u00e4t nicht bestanden, sodass er nun ein weiteres Jahr als &#8222;Ronin&#8220; pauken muss. Seine Nachbarn sind nicht ganz unschuldig an seiner Situation, denn sie veranstalten beinahe jeden Tag ein Saufgelage in seinem Zimmer. Da w\u00e4re der Spanner Yotsuya, die freiz\u00fcgige Bardame Akemi und die \u00e4ltere Hausfrau Ichinose.<\/p>\n<p>Eines Tages, als Godai wieder einmal sehr genervt von seinen Mitbewohnern ist und beschlie\u00dft auszuziehen, bekommt das Ikokku eine neue Hausmeisterin: die h\u00fcbsche Kyoko. Godai verliebt sich auf den ersten Blick in sie. Was die Sache kompliziert macht, ist die Tatsache, dass Kyoko bereits mit 22 Jahren verwitwet ist und ihrem verstorbenem Gatten immer noch nachtrauert. Werden Godai und Kyoko in diesen chaotischen Zust\u00e4nden zueinander finden?<\/p><\/blockquote>\n<p>Quelle: aniSearch<\/p>\n<div class=\"su-divider su-divider-style-dashed\" style=\"margin:15px 0;border-width:1px;border-color:#999999\"><\/div>\n<h5>Screenshots<\/h5>\n<div class=\"su-custom-gallery su-custom-gallery-align-left su-custom-gallery-title-never su-lightbox-gallery\"><div class=\"su-custom-gallery-slide\" style=\"width:135px;height:135px\"><a href=\"https:\/\/yamayurikai-subs.eu\/wp-content\/uploads\/2015\/06\/C-SubsYKS_Maison_Ikkoku_-_01_Hi10PE8363253.mkv_snapshot_00.27_2014.10.26_14.18.08.png\" title=\"C-SubsYKS_Maison_Ikkoku_-_01_Hi10PE8363253.mkv_snapshot_00.27_2014.10.26_14.18.08\"><img loading=\"lazy\" decoding=\"async\" src=\"https:\/\/yamayurikai-subs.eu\/wp-content\/uploads\/2015\/06\/C-SubsYKS_Maison_Ikkoku_-_01_Hi10PE8363253.mkv_snapshot_00.27_2014.10.26_14.18.08-135x135.png\" alt=\"C-SubsYKS_Maison_Ikkoku_-_01_Hi10PE8363253.mkv_snapshot_00.27_2014.10.26_14.18.08\" width=\"135\" height=\"135\" \/><span class=\"su-custom-gallery-title\">C-SubsYKS_Maison_Ikkoku_-_01_Hi10PE8363253.mkv_snapshot_00.27_2014.10.26_14.18.08<\/span><\/a><\/div><div class=\"su-custom-gallery-slide\" style=\"width:135px;height:135px\"><a href=\"https:\/\/yamayurikai-subs.eu\/wp-content\/uploads\/2015\/06\/C-SubsYKS_Maison_Ikkoku_-_01_Hi10PE8363253.mkv_snapshot_02.32_2014.10.26_14.19.20.png\" title=\"C-SubsYKS_Maison_Ikkoku_-_01_Hi10PE8363253.mkv_snapshot_02.32_2014.10.26_14.19.20\"><img loading=\"lazy\" decoding=\"async\" src=\"https:\/\/yamayurikai-subs.eu\/wp-content\/uploads\/2015\/06\/C-SubsYKS_Maison_Ikkoku_-_01_Hi10PE8363253.mkv_snapshot_02.32_2014.10.26_14.19.20-135x135.png\" alt=\"C-SubsYKS_Maison_Ikkoku_-_01_Hi10PE8363253.mkv_snapshot_02.32_2014.10.26_14.19.20\" width=\"135\" height=\"135\" \/><span class=\"su-custom-gallery-title\">C-SubsYKS_Maison_Ikkoku_-_01_Hi10PE8363253.mkv_snapshot_02.32_2014.10.26_14.19.20<\/span><\/a><\/div><div class=\"su-custom-gallery-slide\" style=\"width:135px;height:135px\"><a href=\"https:\/\/yamayurikai-subs.eu\/wp-content\/uploads\/2015\/06\/C-SubsYKS_Maison_Ikkoku_-_01_Hi10PE8363253.mkv_snapshot_23.43_2014.10.26_14.21.42.png\" title=\"C-SubsYKS_Maison_Ikkoku_-_01_Hi10PE8363253.mkv_snapshot_23.43_2014.10.26_14.21.42\"><img loading=\"lazy\" decoding=\"async\" src=\"https:\/\/yamayurikai-subs.eu\/wp-content\/uploads\/2015\/06\/C-SubsYKS_Maison_Ikkoku_-_01_Hi10PE8363253.mkv_snapshot_23.43_2014.10.26_14.21.42-135x135.png\" alt=\"C-SubsYKS_Maison_Ikkoku_-_01_Hi10PE8363253.mkv_snapshot_23.43_2014.10.26_14.21.42\" width=\"135\" height=\"135\" \/><span class=\"su-custom-gallery-title\">C-SubsYKS_Maison_Ikkoku_-_01_Hi10PE8363253.mkv_snapshot_23.43_2014.10.26_14.21.42<\/span><\/a><\/div><div class=\"su-custom-gallery-slide\" style=\"width:135px;height:135px\"><a href=\"https:\/\/yamayurikai-subs.eu\/wp-content\/uploads\/2015\/06\/C-SubsYKS_Maison_Ikkoku_-_01_Hi10PE8363253.mkv_snapshot_25.07_2014.10.26_14.22.14.png\" title=\"C-SubsYKS_Maison_Ikkoku_-_01_Hi10PE8363253.mkv_snapshot_25.07_2014.10.26_14.22.14\"><img loading=\"lazy\" decoding=\"async\" src=\"https:\/\/yamayurikai-subs.eu\/wp-content\/uploads\/2015\/06\/C-SubsYKS_Maison_Ikkoku_-_01_Hi10PE8363253.mkv_snapshot_25.07_2014.10.26_14.22.14-135x135.png\" alt=\"C-SubsYKS_Maison_Ikkoku_-_01_Hi10PE8363253.mkv_snapshot_25.07_2014.10.26_14.22.14\" width=\"135\" height=\"135\" \/><span class=\"su-custom-gallery-title\">C-SubsYKS_Maison_Ikkoku_-_01_Hi10PE8363253.mkv_snapshot_25.07_2014.10.26_14.22.14<\/span><\/a><\/div><div class=\"su-custom-gallery-slide\" style=\"width:135px;height:135px\"><a href=\"https:\/\/yamayurikai-subs.eu\/wp-content\/uploads\/2015\/06\/snap-2014-10-26-14h37m24s32.png\" title=\"snap-2014-10-26-14h37m24s32\"><img loading=\"lazy\" decoding=\"async\" src=\"https:\/\/yamayurikai-subs.eu\/wp-content\/uploads\/2015\/06\/snap-2014-10-26-14h37m24s32-135x135.png\" alt=\"snap-2014-10-26-14h37m24s32\" width=\"135\" height=\"135\" \/><span class=\"su-custom-gallery-title\">snap-2014-10-26-14h37m24s32<\/span><\/a><\/div><div class=\"su-custom-gallery-slide\" style=\"width:135px;height:135px\"><a href=\"https:\/\/yamayurikai-subs.eu\/wp-content\/uploads\/2015\/06\/snap-2014-10-26-14h38m14s187.png\" title=\"snap-2014-10-26-14h38m14s187\"><img loading=\"lazy\" decoding=\"async\" src=\"https:\/\/yamayurikai-subs.eu\/wp-content\/uploads\/2015\/06\/snap-2014-10-26-14h38m14s187-135x135.png\" alt=\"snap-2014-10-26-14h38m14s187\" width=\"135\" height=\"135\" \/><span class=\"su-custom-gallery-title\">snap-2014-10-26-14h38m14s187<\/span><\/a><\/div><div class=\"su-custom-gallery-slide\" style=\"width:135px;height:135px\"><a href=\"https:\/\/yamayurikai-subs.eu\/wp-content\/uploads\/2015\/06\/snap-2014-10-26-14h39m03s243.png\" title=\"snap-2014-10-26-14h39m03s243\"><img loading=\"lazy\" decoding=\"async\" src=\"https:\/\/yamayurikai-subs.eu\/wp-content\/uploads\/2015\/06\/snap-2014-10-26-14h39m03s243-135x135.png\" alt=\"snap-2014-10-26-14h39m03s243\" width=\"135\" height=\"135\" \/><span class=\"su-custom-gallery-title\">snap-2014-10-26-14h39m03s243<\/span><\/a><\/div><div class=\"su-custom-gallery-slide\" style=\"width:135px;height:135px\"><a href=\"https:\/\/yamayurikai-subs.eu\/wp-content\/uploads\/2015\/06\/snap-2014-10-26-14h39m21s183.png\" title=\"snap-2014-10-26-14h39m21s183\"><img loading=\"lazy\" decoding=\"async\" src=\"https:\/\/yamayurikai-subs.eu\/wp-content\/uploads\/2015\/06\/snap-2014-10-26-14h39m21s183-135x135.png\" alt=\"snap-2014-10-26-14h39m21s183\" width=\"135\" height=\"135\" \/><span class=\"su-custom-gallery-title\">snap-2014-10-26-14h39m21s183<\/span><\/a><\/div><div class=\"su-clear\"><\/div><\/div>\n","protected":false},"excerpt":{"rendered":"<p>Maison Ikkoku Originaltitel: \u3081\u305e\u3093\u4e00\u523b Episoden: 96 Erscheinungsjahr: 1986 Releaseinfos Video: mkv Container: x264, Hi10P Aufl\u00f6sung: 960&#215;720 Audio: AAC In Kooperation<\/p>\n","protected":false},"author":11,"featured_media":0,"parent":0,"menu_order":0,"comment_status":"open","ping_status":"open","template":"","meta":{"colormag_page_container_layout":"default_layout","colormag_page_sidebar_layout":"default_layout","ngg_post_thumbnail":0,"footnotes":""},"class_list":["post-3463","page","type-page","status-publish","hentry"],"_links":{"self":[{"href":"https:\/\/yamayurikai-subs.eu\/index.php?rest_route=\/wp\/v2\/pages\/3463","targetHints":{"allow":["GET"]}}],"collection":[{"href":"https:\/\/yamayurikai-subs.eu\/index.php?rest_route=\/wp\/v2\/pages"}],"about":[{"href":"https:\/\/yamayurikai-subs.eu\/index.php?rest_route=\/wp\/v2\/types\/page"}],"author":[{"embeddable":true,"href":"https:\/\/yamayurikai-subs.eu\/index.php?rest_route=\/wp\/v2\/users\/11"}],"replies":[{"embeddable":true,"href":"https:\/\/yamayurikai-subs.eu\/index.php?rest_route=%2Fwp%2Fv2%2Fcomments&post=3463"}],"version-history":[{"count":8,"href":"https:\/\/yamayurikai-subs.eu\/index.php?rest_route=\/wp\/v2\/pages\/3463\/revisions"}],"predecessor-version":[{"id":13165,"href":"https:\/\/yamayurikai-subs.eu\/index.php?rest_route=\/wp\/v2\/pages\/3463\/revisions\/13165"}],"wp:attachment":[{"href":"https:\/\/yamayurikai-subs.eu\/index.php?rest_route=%2Fwp%2Fv2%2Fmedia&parent=3463"}],"curies":[{"name":"wp","href":"https:\/\/api.w.org\/{rel}","templated":true}]}}