{"id":302,"date":"2010-07-08T23:24:38","date_gmt":"2010-07-08T23:24:38","guid":{"rendered":"https:\/\/yks.brb.re\/?page_id=302"},"modified":"2010-08-09T17:12:52","modified_gmt":"2010-08-09T17:12:52","slug":"maria-sama-ga-miteru","status":"publish","type":"page","link":"https:\/\/yamayurikai-subs.eu\/?page_id=302","title":{"rendered":"Maria-sama ga Miteru"},"content":{"rendered":"\n<table id=\"wp-table-reloaded-id-30-no-1\" class=\"wp-table-reloaded wp-table-reloaded-id-30\">\n<thead>\n\t<tr class=\"row-1 odd\">\n\t\t<th class=\"column-1\"><center><a href=\"http:\/\/yamayurikai-subs.eu\/wp-content\/uploads\/2010\/07\/Marimite1-Projektbeschreibung.png\"><img loading=\"lazy\" decoding=\"async\" src=\"http:\/\/yamayurikai-subs.eu\/wp-content\/uploads\/2010\/07\/Marimite1-Projektbeschreibung-201x300.png\" alt=\"\" title=\"Marimite1-Projektbeschreibung\" width=\"201\" height=\"300\" class=\"aligncenter size-medium wp-image-301\" srcset=\"https:\/\/yamayurikai-subs.eu\/wp-content\/uploads\/2010\/07\/Marimite1-Projektbeschreibung-201x300.png 201w, https:\/\/yamayurikai-subs.eu\/wp-content\/uploads\/2010\/07\/Marimite1-Projektbeschreibung.png 252w\" sizes=\"auto, (max-width: 201px) 100vw, 201px\" \/><\/a><\/th><th class=\"column-2\"><b>Originaltitel:<\/b> \u30de\u30ea\u30a2\u69d8\u304c\u307f\u3066\u308b<br \/>\r\n<b>Episoden:<\/b> 13<br \/>\r\n<b>Erscheinungsjahr:<\/b> 2004<br \/>\r\n<b>Genre\t:<\/b> Romance, Shoujo Ai, Drama, Slice of Life<br \/><br \/>\r\n<u><b>Team:<\/u><\/b><br \/>\r\n<b>\u00dcbersetzung:<\/b> Kasseopaya, Azriel<br \/>\r\n<b>Zeitsetzung:<\/b> Kasseopaya<br \/>\r\n<b>Schriftgestaltung:<\/b> Kasseopaya, Azriel<br \/>\r\n<b>Fehlerkorrektur:<\/b> Kasseopaya, High-Teen<br \/>\r\n<b>QC:<\/b> Shawnkyr, Methusalix, High-Teen<br \/>\r\n<b>Karaoke-FX:<\/b> -<br \/>\r\n<b>Karaoke-Zeiten:<\/b> -<br \/>\r\n<b>Medienerstellung:<\/b> hendi <br><br \/>\r\n<u><b>Releaseinfos<\/u><\/b><br \/>\r\nVideo: AVI<br \/>\r\nContainer: XviD<br \/>\r\nAufl\u00f6sung: 640x480<br \/>\r\nAudio: mp3<\/th>\n\t<\/tr>\n<\/thead>\n<tbody>\n\t<tr class=\"row-2 even\">\n\t\t<td colspan=\"2\" class=\"column-1 colspan-2\">Yumi ist Sch\u00fclerin im ersten Semester auf der Lilian High School, einer katholischen M\u00e4dchenschule f\u00fcr h\u00f6here T\u00f6chter. Das Leben der Sch\u00fclerinnen an der Lilian High School dreht sich um die so genannten \u201eRosen\u201d, die Mitglieder der Sch\u00fclervertretung \u201eYamayurikai\u201d. Die Gelbe, die Rote und die Wei\u00dfe Rose haben die h\u00f6chste Stellung in der Hierarchie, danach kommen ihre \u201ePetites Soeurs\u201d, ihre \u201ekleinen Schwestern\u201d, die Gelbe, die Rote und die Wei\u00dfe Rosenknospe, die sie in ihrer Arbeit unterst\u00fctzen.<br \/>\r\n<br \/>\r\nDiese wiederum werden ebenfalls jeweils von einer kleinen Schwester unterst\u00fctzt. Die \u201eRosen\u201d, alles wundersch\u00f6ne M\u00e4dchen voller Grazie, werden von den Sch\u00fclerinnen der High School wie Superstars verehrt, und es ist der Traum jeder Sch\u00fclerin, einmal eine Petite Soeur zu werden und der Yamayurikai anzugeh\u00f6ren, doch dazu muss man erst von einer der Rosenknospen als Petite Soeur auserkoren werden.<br \/>\r\n<br \/>\r\nDie aktuelle Rote Rosenknospe, Sachiko Ogasawara, hat noch keine Petite Soeur, und Yumi f\u00e4llt fast in Ohnmacht, als sie eines morgens von ihrem gro\u00dfen Idol angesprochen wird \u2013 doch Sachiko will leider nur Yumis Halstuch zurechtr\u00fccken, das verrutscht ist\u2026 <br \/>\r\nQuelle: aniSearch<\/td>\n\t<\/tr>\n<\/tbody>\n<\/table>\n\n<span style=\"font-size: large;\"><font color=\"purple\">Screenshots:<\/font><\/span><br \/>\nngg_shortcode_0_placeholder\n<span style=\"font-size: large;\"><font color=\"purple\">Releaseinfos:<\/font><\/span><br \/>\n\n<table id=\"wp-table-reloaded-id-31-no-1\" class=\"wp-table-reloaded wp-table-reloaded-id-31\">\n<thead>\n\t<tr class=\"row-1 odd\">\n\t\t<th class=\"column-1\"><font  \tcolor=\"purple\">#<\/font><\/th><th class=\"column-2\"><font  \tcolor=\"purple\">Episodentitel<\/font><\/th><th class=\"column-3\"><font  \tcolor=\"purple\">Release<\/font><\/th><th class=\"column-4\"><font  \tcolor=\"purple\">Torrent<\/font><\/th>\n\t<\/tr>\n<\/thead>\n<tbody>\n\t<tr class=\"row-2 even\">\n\t\t<td class=\"column-1\">01<\/td><td class=\"column-2\">Die problematische Bekanntgabe<\/td><td class=\"column-3\">02.02.2008<\/td><td class=\"column-4\"><\/td>\n\t<\/tr>\n\t<tr class=\"row-3 odd\">\n\t\t<td class=\"column-1\">02<\/td><td class=\"column-2\">Das unbeholfene Piano Duett<\/td><td class=\"column-3\">06.02.2008<\/td><td class=\"column-4\"><\/td>\n\t<\/tr>\n\t<tr class=\"row-4 even\">\n\t\t<td class=\"column-1\">03<\/td><td class=\"column-2\">Der Mond und der Rosenkranz<\/td><td class=\"column-3\">14.02.2008<\/td><td class=\"column-4\"><\/td>\n\t<\/tr>\n\t<tr class=\"row-5 odd\">\n\t\t<td class=\"column-1\">04<\/td><td class=\"column-2\">Die Revolution der gelben Rose<\/td><td class=\"column-3\">23.02.2008<\/td><td class=\"column-4\"><\/td>\n\t<\/tr>\n\t<tr class=\"row-6 even\">\n\t\t<td class=\"column-1\">05<\/td><td class=\"column-2\">K\u00e4mpfende Sch\u00f6nheiten<\/td><td class=\"column-3\">29.03.2008<\/td><td class=\"column-4\"><\/td>\n\t<\/tr>\n\t<tr class=\"row-7 odd\">\n\t\t<td class=\"column-1\">06<\/td><td class=\"column-2\">Die Wildrose<\/td><td class=\"column-3\">11.04.2008<\/td><td class=\"column-4\"><\/td>\n\t<\/tr>\n\t<tr class=\"row-8 even\">\n\t\t<td class=\"column-1\">07<\/td><td class=\"column-2\">Die \u00fcberraschenden Schokoladen Teil 1<\/td><td class=\"column-3\">28.04.2008<\/td><td class=\"column-4\"><\/td>\n\t<\/tr>\n\t<tr class=\"row-9 odd\">\n\t\t<td class=\"column-1\">08<\/td><td class=\"column-2\">Die \u00fcberraschenden Schokoladen Teil 2<\/td><td class=\"column-3\">11.05.2008<\/td><td class=\"column-4\"><\/td>\n\t<\/tr>\n\t<tr class=\"row-10 even\">\n\t\t<td class=\"column-1\">09<\/td><td class=\"column-2\">Die rote Karte<\/td><td class=\"column-3\">26.05.2008<\/td><td class=\"column-4\"><\/td>\n\t<\/tr>\n\t<tr class=\"row-11 odd\">\n\t\t<td class=\"column-1\">10<\/td><td class=\"column-2\">Der Dornenwald<\/td><td class=\"column-3\">19.06.2008<\/td><td class=\"column-4\"><\/td>\n\t<\/tr>\n\t<tr class=\"row-12 even\">\n\t\t<td class=\"column-1\">11<\/td><td class=\"column-2\">Wei\u00dfe Bl\u00fctenbl\u00e4tter<\/td><td class=\"column-3\">19.06.2008<\/td><td class=\"column-4\"><\/td>\n\t<\/tr>\n\t<tr class=\"row-13 odd\">\n\t\t<td class=\"column-1\">12<\/td><td class=\"column-2\">Erstes Date zu dritt<\/td><td class=\"column-3\">19.06.2008<\/td><td class=\"column-4\"><\/td>\n\t<\/tr>\n\t<tr class=\"row-14 even\">\n\t\t<td class=\"column-1\">13<\/td><td class=\"column-2\">Guten Tag, meine Schwester<\/td><td class=\"column-3\">19.06.2008<\/td><td class=\"column-4\"><a href=\"http:\/\/ani-tsuzuki.net:6969\/torrents\/6d7e8d92359681c800f797ce9a745e303806fe8b.torrent\"><img loading=\"lazy\" decoding=\"async\" src=\"http:\/\/kamina.ath.cx\/yks\/wp-content\/uploads\/2010\/08\/torrent50x15.png\" alt=\"\" title=\"torrent50x15\" width=\"50\" height=\"15\" class=\"aligncenter size-full wp-image-403\" \/><\/a> *<\/td>\n\t<\/tr>\n\t<tr class=\"row-15 odd\">\n\t\t<td class=\"column-1\">Sp01<\/td><td class=\"column-2\">Special 01<\/td><td class=\"column-3\">19.06.2008<\/td><td class=\"column-4\"><\/td>\n\t<\/tr>\n\t<tr class=\"row-16 even\">\n\t\t<td class=\"column-1\">Sp02<\/td><td class=\"column-2\">Special 02<\/td><td class=\"column-3\">19.06.2008<\/td><td class=\"column-4\"><\/td>\n\t<\/tr>\n\t<tr class=\"row-17 odd\">\n\t\t<td class=\"column-1\">Sp03<\/td><td class=\"column-2\">Special 03<\/td><td class=\"column-3\">19.06.2008<\/td><td class=\"column-4\"><\/td>\n\t<\/tr>\n\t<tr class=\"row-18 even\">\n\t\t<td class=\"column-1\">Sp04<\/td><td class=\"column-2\">Special 04<\/td><td class=\"column-3\">19.06.2008<\/td><td class=\"column-4\"><\/td>\n\t<\/tr>\n\t<tr class=\"row-19 odd\">\n\t\t<td class=\"column-1\">Sp05<\/td><td class=\"column-2\">Special 05<\/td><td class=\"column-3\">19.06.2008<\/td><td class=\"column-4\"><\/td>\n\t<\/tr>\n\t<tr class=\"row-20 even\">\n\t\t<td class=\"column-1\">Sp06<\/td><td class=\"column-2\">Special 06<\/td><td class=\"column-3\">19.06.2008<\/td><td class=\"column-4\"><\/td>\n\t<\/tr>\n\t<tr class=\"row-21 odd\">\n\t\t<td class=\"column-1\">Sp07<\/td><td class=\"column-2\">Special 07<\/td><td class=\"column-3\">19.06.2008<\/td><td class=\"column-4\"><a href=\"http:\/\/ani-tsuzuki.net:6969\/torrents\/71212e936853b115fcf8a7f1c289256eaa45223d.torrent\"><img loading=\"lazy\" decoding=\"async\" src=\"http:\/\/kamina.ath.cx\/yks\/wp-content\/uploads\/2010\/08\/torrent50x15.png\" alt=\"\" title=\"torrent50x15\" width=\"50\" height=\"15\" class=\"aligncenter size-full wp-image-403\" \/><\/a> *<\/td>\n\t<\/tr>\n<\/tbody>\n<\/table>\n\n*Batchtorrent enh\u00e4lt die komplette Serie.<\/p>\n","protected":false},"excerpt":{"rendered":"<p>Screenshots: Releaseinfos: *Batchtorrent enh\u00e4lt die komplette Serie.<\/p>\n","protected":false},"author":11,"featured_media":0,"parent":0,"menu_order":0,"comment_status":"open","ping_status":"open","template":"","meta":{"colormag_page_container_layout":"default_layout","colormag_page_sidebar_layout":"default_layout","ngg_post_thumbnail":0,"footnotes":""},"class_list":["post-302","page","type-page","status-publish","hentry"],"_links":{"self":[{"href":"https:\/\/yamayurikai-subs.eu\/index.php?rest_route=\/wp\/v2\/pages\/302","targetHints":{"allow":["GET"]}}],"collection":[{"href":"https:\/\/yamayurikai-subs.eu\/index.php?rest_route=\/wp\/v2\/pages"}],"about":[{"href":"https:\/\/yamayurikai-subs.eu\/index.php?rest_route=\/wp\/v2\/types\/page"}],"author":[{"embeddable":true,"href":"https:\/\/yamayurikai-subs.eu\/index.php?rest_route=\/wp\/v2\/users\/11"}],"replies":[{"embeddable":true,"href":"https:\/\/yamayurikai-subs.eu\/index.php?rest_route=%2Fwp%2Fv2%2Fcomments&post=302"}],"version-history":[{"count":4,"href":"https:\/\/yamayurikai-subs.eu\/index.php?rest_route=\/wp\/v2\/pages\/302\/revisions"}],"predecessor-version":[{"id":486,"href":"https:\/\/yamayurikai-subs.eu\/index.php?rest_route=\/wp\/v2\/pages\/302\/revisions\/486"}],"wp:attachment":[{"href":"https:\/\/yamayurikai-subs.eu\/index.php?rest_route=%2Fwp%2Fv2%2Fmedia&parent=302"}],"curies":[{"name":"wp","href":"https:\/\/api.w.org\/{rel}","templated":true}]}}