{"id":233,"date":"2010-06-29T23:17:44","date_gmt":"2010-06-29T23:17:44","guid":{"rendered":"https:\/\/yks.brb.re\/?page_id=233"},"modified":"2011-03-14T18:18:16","modified_gmt":"2011-03-14T18:18:16","slug":"macross-frontier","status":"publish","type":"page","link":"https:\/\/yamayurikai-subs.eu\/?page_id=233","title":{"rendered":"Macross Frontier"},"content":{"rendered":"\n<table id=\"wp-table-reloaded-id-13-no-1\" class=\"wp-table-reloaded wp-table-reloaded-id-13\">\n<thead>\n\t<tr class=\"row-1 odd\">\n\t\t<th class=\"column-1\"><center><a href=\"http:\/\/yamayurikai-subs.eu\/wp-content\/uploads\/2010\/06\/Macross-Projektbeschreibung.png\"><img loading=\"lazy\" decoding=\"async\" src=\"http:\/\/yamayurikai-subs.eu\/wp-content\/uploads\/2010\/06\/Macross-Projektbeschreibung-201x300.png\" alt=\"\" title=\"Macross Projektbeschreibung\" width=\"201\" height=\"300\" class=\"aligncenter size-medium wp-image-234\" srcset=\"https:\/\/yamayurikai-subs.eu\/wp-content\/uploads\/2010\/06\/Macross-Projektbeschreibung-201x300.png 201w, https:\/\/yamayurikai-subs.eu\/wp-content\/uploads\/2010\/06\/Macross-Projektbeschreibung.png 252w\" sizes=\"auto, (max-width: 201px) 100vw, 201px\" \/><\/a><\/th><th class=\"column-2\"><b>Originaltitel:<\/b> \u30de\u30af\u30ed\u30b9F<br \/>\r\n<b>Episoden:<\/b> 25<br \/>\r\n<b>Erscheinungsjahr:<\/b> 2008<br \/>\r\n<b>Genre\t:<\/b> Action, Mecha, Science Fiction<br \/><br \/>\r\n<u><b>Team:<\/u><\/b><br \/>\r\n<b>\u00dcbersetzung:<\/b> Azriel, Eomyn, Chikane, Kasseopaya<br \/>\r\n<b>Zeitsetzung:<\/b> Azriel, Kasseopaya<br \/>\r\n<b>Schriftgestaltung:<\/b> Azriel, Kasseopaya<br \/>\r\n<b>Fehlerkorrektur:<\/b> Stalker, Chikane, Eomyn<br \/>\r\n<b>QC:<\/b> Akropolis, Kasseopaya<br \/>\r\n<b>Karaoke-FX:<\/b> Azriel, Eomyn, Kasseopaya, Senshi, Loky<br \/>\r\n<b>Karaoke-Zeiten:<\/b> Azriel, Kasseopaya, bergwerk<br \/>\r\n<b>Medienerstellung:<\/b> hendi, dunkel^, Kasseopaya <br><br \/>\r\n<u><b>Releaseinfos<\/u><\/b><br \/>\r\nVideo: mkv<br \/>\r\nContainer: x264<br \/>\r\nAufl\u00f6sung: 1280x720<br \/>\r\nAudio: AAC<\/th>\n\t<\/tr>\n<\/thead>\n<tbody>\n\t<tr class=\"row-2 even\">\n\t\t<td colspan=\"2\" class=\"column-1 colspan-2\">Macross Frontier steht f\u00fcr den 25. Jahrestag des Anime Macross.<br \/>\r\n<br \/>\r\nNach dem Krieg gegen die Au\u00dferirdischen \"Zentradi\" verstreute sie die Menschheit im gesamten Universum, um ihr \u00dcberleben zu gew\u00e4hrleisten in dem sie neue Lebensr\u00e4ume erschliessen.<br \/>\r\nDie Macross Frontier-Flotte ist ein Teil dieses Epos und ist damit auch die letzte Hoffnung zum Erhalt der Menschheit.<br \/>\r\n<br \/>\r\nEs handelt sich um eine direkte Fortsetzung der ersten Macross Serien sowie Macross 7 und handelt um das Leben von Alto Saotome, Ranka Lee und dem Pop-Idol Sheryl Nome die sich an Bord der Macross Frontier Kolonisation Flotte befindet, doch eines Tages wird die Frontier von unbekannten angegriffen; wer und warum sie das tun ist unklar doch eines ist sicher, die Macross wird nicht kapitulieren.<br \/>\r\nQuelle: aniSearch<br \/>\r\n<b><font color=\"purple\">In Kooperation mit:<\/font><\/b><br \/>\r\n<a href=\"http:\/\/www.nanaone.net\/\"><img loading=\"lazy\" decoding=\"async\" src=\"http:\/\/yamayurikai-subs.eu\/wp-content\/uploads\/2010\/08\/nanaone_link.png\" alt=\"\" title=\"nanaone_link\" width=\"190\" height=\"60\" class=\"aligncenter size-full wp-image-400\" \/><\/a> <\/td>\n\t<\/tr>\n<\/tbody>\n<\/table>\n\n<span style=\"font-size: large;\"><font color=\"purple\">Screenshots:<\/font><\/span><br \/>\nngg_shortcode_0_placeholder\n<span style=\"font-size: large;\"><font color=\"purple\">Releaseinfos:<\/font><\/span><br \/>\n\n<table id=\"wp-table-reloaded-id-14-no-1\" class=\"wp-table-reloaded wp-table-reloaded-id-14\">\n<thead>\n\t<tr class=\"row-1 odd\">\n\t\t<th class=\"column-1\"><font  \tcolor=\"purple\">#<\/font><\/th><th class=\"column-2\"><font  \tcolor=\"purple\">Episodentitel<\/font><\/th><th class=\"column-3\"><font  \tcolor=\"purple\">Release<\/font><\/th><th class=\"column-4\"><font  \tcolor=\"purple\">Torrent<\/font><\/th>\n\t<\/tr>\n<\/thead>\n<tbody>\n\t<tr class=\"row-2 even\">\n\t\t<td class=\"column-1\">01<\/td><td class=\"column-2\">Bevorstehende Begegnung<\/td><td class=\"column-3\">14.03.2011<\/td><td class=\"column-4\"><\/td>\n\t<\/tr>\n\t<tr class=\"row-3 odd\">\n\t\t<td class=\"column-1\">02<\/td><td class=\"column-2\">Harte Verfolgungsjagd<\/td><td class=\"column-3\">14.03.2011<\/td><td class=\"column-4\"><\/td>\n\t<\/tr>\n\t<tr class=\"row-4 even\">\n\t\t<td class=\"column-1\">03<\/td><td class=\"column-2\">Auf die Pl\u00e4tze!<\/td><td class=\"column-3\">14.03.2011<\/td><td class=\"column-4\"><\/td>\n\t<\/tr>\n\t<tr class=\"row-5 odd\">\n\t\t<td class=\"column-1\">04<\/td><td class=\"column-2\">Miss Macross<\/td><td class=\"column-3\">14.03.2011<\/td><td class=\"column-4\"><\/td>\n\t<\/tr>\n\t<tr class=\"row-6 even\">\n\t\t<td class=\"column-1\">05<\/td><td class=\"column-2\">Sternen-Date<\/td><td class=\"column-3\">14.03.2011<\/td><td class=\"column-4\"><\/td>\n\t<\/tr>\n\t<tr class=\"row-7 odd\">\n\t\t<td class=\"column-1\">06<\/td><td class=\"column-2\">Auf Wiedersehen, Sheryl<\/td><td class=\"column-3\">14.03.2011<\/td><td class=\"column-4\"><\/td>\n\t<\/tr>\n\t<tr class=\"row-8 even\">\n\t\t<td class=\"column-1\">07<\/td><td class=\"column-2\">Erster Angriff<\/td><td class=\"column-3\">14.03.2011<\/td><td class=\"column-4\"><\/td>\n\t<\/tr>\n\t<tr class=\"row-9 odd\">\n\t\t<td class=\"column-1\">08<\/td><td class=\"column-2\">Schulk\u00f6nigin<\/td><td class=\"column-3\">14.03.2011<\/td><td class=\"column-4\"><\/td>\n\t<\/tr>\n\t<tr class=\"row-10 even\">\n\t\t<td class=\"column-1\">09<\/td><td class=\"column-2\">Freundbeschuss<\/td><td class=\"column-3\">29.10.2009<\/td><td class=\"column-4\"><\/td>\n\t<\/tr>\n\t<tr class=\"row-11 odd\">\n\t\t<td class=\"column-1\">10<\/td><td class=\"column-2\">The Legend of Zero<\/td><td class=\"column-3\">03.12.2009<\/td><td class=\"column-4\"><\/td>\n\t<\/tr>\n\t<tr class=\"row-12 even\">\n\t\t<td class=\"column-1\">11<\/td><td class=\"column-2\">Vers\u00e4umter Geburtstag<\/td><td class=\"column-3\">01.02.2010<\/td><td class=\"column-4\"><\/td>\n\t<\/tr>\n\t<tr class=\"row-13 odd\">\n\t\t<td class=\"column-1\">12<\/td><td class=\"column-2\">Die schnellste Zustellung<\/td><td class=\"column-3\">12.05.2010<\/td><td class=\"column-4\"><\/td>\n\t<\/tr>\n\t<tr class=\"row-14 even\">\n\t\t<td class=\"column-1\">13<\/td><td class=\"column-2\">Erinnerungen an Global<\/td><td class=\"column-3\">19.05.2010<\/td><td class=\"column-4\"><\/td>\n\t<\/tr>\n\t<tr class=\"row-15 odd\">\n\t\t<td class=\"column-1\">14<\/td><td class=\"column-2\">Mamas Schlaflied<\/td><td class=\"column-3\">30.06.2010<\/td><td class=\"column-4\"><\/td>\n\t<\/tr>\n\t<tr class=\"row-16 even\">\n\t\t<td class=\"column-1\">15<\/td><td class=\"column-2\">Verlorener Frieden<\/td><td class=\"column-3\">23.07.2010<\/td><td class=\"column-4\"><\/td>\n\t<\/tr>\n\t<tr class=\"row-17 odd\">\n\t\t<td class=\"column-1\">16<\/td><td class=\"column-2\">Ranka greift an<\/td><td class=\"column-3\">04.09.2010<\/td><td class=\"column-4\"><\/td>\n\t<\/tr>\n\t<tr class=\"row-18 even\">\n\t\t<td class=\"column-1\">17<\/td><td class=\"column-2\">Auf Wiedersehen, Schwester<\/td><td class=\"column-3\">11.10.2010<\/td><td class=\"column-4\"><\/td>\n\t<\/tr>\n\t<tr class=\"row-19 odd\">\n\t\t<td class=\"column-1\">18<\/td><td class=\"column-2\">Fold-Ruhm<\/td><td class=\"column-3\">12.12.2010<\/td><td class=\"column-4\"><\/td>\n\t<\/tr>\n\t<tr class=\"row-20 even\">\n\t\t<td class=\"column-1\">19<\/td><td class=\"column-2\">Dreiseitig<\/td><td class=\"column-3\">28.12.2010<\/td><td class=\"column-4\"><\/td>\n\t<\/tr>\n\t<tr class=\"row-21 odd\">\n\t\t<td class=\"column-1\">20<\/td><td class=\"column-2\">Diamond Crevasse<\/td><td class=\"column-3\">05.01.2011<\/td><td class=\"column-4\"><\/td>\n\t<\/tr>\n\t<tr class=\"row-22 even\">\n\t\t<td class=\"column-1\">21<\/td><td class=\"column-2\">Azurblauer \u00c4ther<\/td><td class=\"column-3\">12.01.2011<\/td><td class=\"column-4\"><\/td>\n\t<\/tr>\n\t<tr class=\"row-23 odd\">\n\t\t<td class=\"column-1\">22<\/td><td class=\"column-2\">Northern Cross<\/td><td class=\"column-3\">31.01.2011<\/td><td class=\"column-4\"><\/td>\n\t<\/tr>\n\t<tr class=\"row-24 even\">\n\t\t<td class=\"column-1\">23<\/td><td class=\"column-2\">Wahrer Anfang<\/td><td class=\"column-3\">10.03.2011<\/td><td class=\"column-4\"><\/td>\n\t<\/tr>\n\t<tr class=\"row-25 odd\">\n\t\t<td class=\"column-1\">24<\/td><td class=\"column-2\">Last Frontier<\/td><td class=\"column-3\">14.03.2011<\/td><td class=\"column-4\"><\/td>\n\t<\/tr>\n\t<tr class=\"row-26 even\">\n\t\t<td class=\"column-1\">25<\/td><td class=\"column-2\">Dein Lied<\/td><td class=\"column-3\">14.03.2011<\/td><td class=\"column-4\"><a href=\"http:\/\/ani-tsuzuki.net:6969\/torrents\/7f4049af257d5b49c9a967636195d991b9c7dd00.torrent\"><img loading=\"lazy\" decoding=\"async\" src=\"http:\/\/kamina.ath.cx\/yks\/wp-content\/uploads\/2010\/08\/torrent50x15.png\" alt=\"\" title=\"torrent50x15\" width=\"50\" height=\"15\" class=\"aligncenter size-full wp-image-403\" \/><\/a> *<\/td>\n\t<\/tr>\n<\/tbody>\n<\/table>\n\n*Batchtorrent enth\u00e4lt die komplette Serie.<\/p>\n","protected":false},"excerpt":{"rendered":"<p>Screenshots: Releaseinfos: *Batchtorrent enth\u00e4lt die komplette Serie.<\/p>\n","protected":false},"author":11,"featured_media":0,"parent":0,"menu_order":0,"comment_status":"open","ping_status":"open","template":"","meta":{"colormag_page_container_layout":"default_layout","colormag_page_sidebar_layout":"default_layout","ngg_post_thumbnail":0,"footnotes":""},"class_list":["post-233","page","type-page","status-publish","hentry"],"_links":{"self":[{"href":"https:\/\/yamayurikai-subs.eu\/index.php?rest_route=\/wp\/v2\/pages\/233","targetHints":{"allow":["GET"]}}],"collection":[{"href":"https:\/\/yamayurikai-subs.eu\/index.php?rest_route=\/wp\/v2\/pages"}],"about":[{"href":"https:\/\/yamayurikai-subs.eu\/index.php?rest_route=\/wp\/v2\/types\/page"}],"author":[{"embeddable":true,"href":"https:\/\/yamayurikai-subs.eu\/index.php?rest_route=\/wp\/v2\/users\/11"}],"replies":[{"embeddable":true,"href":"https:\/\/yamayurikai-subs.eu\/index.php?rest_route=%2Fwp%2Fv2%2Fcomments&post=233"}],"version-history":[{"count":5,"href":"https:\/\/yamayurikai-subs.eu\/index.php?rest_route=\/wp\/v2\/pages\/233\/revisions"}],"predecessor-version":[{"id":1009,"href":"https:\/\/yamayurikai-subs.eu\/index.php?rest_route=\/wp\/v2\/pages\/233\/revisions\/1009"}],"wp:attachment":[{"href":"https:\/\/yamayurikai-subs.eu\/index.php?rest_route=%2Fwp%2Fv2%2Fmedia&parent=233"}],"curies":[{"name":"wp","href":"https:\/\/api.w.org\/{rel}","templated":true}]}}